b/(-8)*184/(-6) a composite number?
True
Suppose -7*n + 4*n + 279 = 0. Is n a prime number?
False
Let l(u) = -u**3 + u**2 + 5*u + 3. Let q be l(-4). Is 4/14 - (-2439)/q a composite number?
True
Suppose -5*w + 3240 = 4*y, 546 = w - 4*y - 126. Let k = 7 + -2. Suppose -p + k*p = w. Is p a composite number?
False
Is (279 - (1 - 1))*36/108 a composite number?
True
Let k = 259 + -48. Is k a prime number?
True
Let n(z) = 8*z - 3 + 2 - 2 + z. Let d be 5 - 2*2/4. Is n(d) composite?
True
Let n = 1253 + -562. Is n a composite number?
False
Is (-2 - 1)/(9/(-14613)) composite?
False
Suppose -884 = -7*f + 698. Is f a prime number?
False
Suppose -3*a + 4*x = -119, 0*x = -4*a + x + 137. Is (-22)/a + 226/6 a prime number?
True
Let k(s) = -28*s. Let c be k(1). Is -1*(-2 + c - 1) a prime number?
True
Suppose 0 = -0*l - 4*l - 4. Is (84 + 3)*(l - -2) composite?
True
Let q be 2/(-4) + 5054/4. Suppose 5*k - q = 272. Is k prime?
True
Let v = 2817 + -1900. Is v prime?
False
Suppose -3*f - 3779 = -4*v - 6*f, -5*f - 1857 = -2*v. Is v composite?
False
Let u be (-16)/12 - (-2)/(-3). Let l = u - -7. Suppose -704 + 59 = -l*c - 5*j, -3*c + 387 = -4*j. Is c a prime number?
False
Let p(m) = 7*m + 2. Let o = -5 - -11. Let i be p(o). Let g = i - -33. Is g prime?
False
Let m(s) = 9*s - 10. Is m(11) prime?
True
Let q(h) = -10*h**2 + 3*h. Let p(f) = 49*f**2 - 16*f - 1. Let v(k) = -2*p(k) - 11*q(k). Suppose -7 = 5*x + 8. Is v(x) a prime number?
True
Let d(t) = -32*t - 1. Let n(v) = 65*v + 2. Let s(o) = 7*d(o) + 3*n(o). Is s(-4) a composite number?
True
Let t = -66 + 193. Is t a composite number?
False
Suppose 736 = 4*h + 4*j, 5*h + 4*j = 4*h + 175. Is h a prime number?
False
Suppose -3*v + 1589 = 4*d - 1617, 2*d - 1596 = -5*v. Is d a prime number?
False
Let g(h) = 3*h - 3. Suppose -3 = -5*a + 37. Let k be g(a). Let u = 76 - k. Is u a composite number?
True
Suppose -2 = -4*f - 6. Is (-4 - -3)*(-50 + f) a composite number?
True
Let x be -4*9/(-12) + 1. Let q be 0/(-1) - (-78)/2. Suppose q = -x*i + 5*i. Is i a composite number?
True
Suppose -2*x - 3*j = 116 - 1266, 586 = x - 4*j. Is (-3 - -2)/((-2)/x) a composite number?
True
Suppose 2*n - 5*u = -0*n + 69, -u = 4*n - 149. Is n a composite number?
False
Let z(h) = h**3 + 6*h**2 + 5*h + 1. Let i be z(-5). Let v be (-43)/4 + i/(-4). Let l = v - -20. Is l composite?
True
Suppose -4*d = 3*v - 0*v - 20, 0 = -2*v - d + 10. Suppose 3*b - 2*n - 89 = 33, -v*n - 168 = -4*b. Is b a prime number?
False
Is (-1321)/(-4) + 4 + (-91)/28 a composite number?
False
Let h be -3 + -1*(-4 + -3). Suppose 4*i - 2*x - 208 = 0, i + h*x + 45 = 2*i. Is i prime?
True
Let a = 2 + 0. Suppose a*l - 599 = -j, 5*j + 212 = l - 82. Is l composite?
True
Let z = 0 + 0. Suppose -14 = -z*h - 2*h. Is h prime?
True
Let l = -6 + 8. Suppose l*j + 3*p - 215 + 27 = 0, 0 = -2*j + 4*p + 202. Is j a composite number?
False
Is ((-586)/(-4))/((15/(-5))/(-6)) composite?
False
Let s = -9 - -4. Let z = s + 3. Is ((-4)/z)/(1/5) a composite number?
True
Suppose 5*y + 2019 = 8*y. Is y a prime number?
True
Let g(h) = 3*h - 4. Let w(l) = 10*l - 11. Let c(z) = -8*g(z) + 3*w(z). Is c(9) prime?
True
Suppose 0 = 2*v - 871 - 43. Is v a composite number?
False
Let p be (-2)/8 + 62/(-8). Suppose -5*c = 3*h - 10, -5*c + 1 = -3*h - 9. Is (-172)/p - 1/c composite?
True
Is -6 - -1 - (1 + -4273) a composite number?
True
Let z = -92 - -205. Is z prime?
True
Suppose 4*t = -3*c - 15, -2*c - 4*t - 13 = -c. Is 90 + (6/(-3) - c) a prime number?
True
Let j(f) = f**2 - 6*f + 3. Let o be j(5). Is (-260)/(-4) + (-4)/o composite?
False
Let v(a) = 44*a**3 + 4*a**2 + 5*a + 3. Is v(4) composite?
False
Let c = -204 + 286. Is 3 + -3 + 1 + c a composite number?
False
Let u = 14 - 10. Suppose -201 = -5*x + 2*x - 3*q, u*q + 353 = 5*x. Is x composite?
True
Is (2 - 1)/((-17)/(-2278)) a prime number?
False
Suppose 3*c - 1167 = 2*p, 3*c + 712 - 1879 = -5*p. Is c a composite number?
False
Let t be (2 - (3 - 0))*0. Suppose t = -5*l + 10, 3*p - p - 6 = -l. Suppose -p*v + 4 = 0, v = -3*o - 0*v + 143. Is o a prime number?
True
Is (-18)/45 + 4194/10 a prime number?
True
Let f(z) = z**2 - 4*z - 3. Let g be f(4). Let t = 8 + -6. Is 11 + t - (-1 - g) composite?
False
Let v(b) = -b**3 + b**2 + 2*b + 1. Is v(-3) composite?
False
Let n(q) = 4*q**2 - 20*q + 19. Is n(-21) a composite number?
False
Let m(x) = -9*x + 2. Suppose -1 = -3*w - r - 21, -4*w - 35 = 3*r. Is m(w) a composite number?
False
Let s be 466/6 + 13/39. Is (s/9)/(2/6) a prime number?
False
Suppose 12904 - 1013 = 23*b. Is b composite?
True
Suppose -2*c + 197 - 49 = 0. Is c composite?
True
Suppose 0 = -3*v - 3*v + 84. Is v composite?
True
Is (8 + -3 - 919)/((-3)/3) prime?
False
Is (-27215)/(-20) - 1*(-1)/4 a composite number?
False
Is ((-286)/(-3))/((-44)/(-66)) prime?
False
Suppose 0*l + 1 = l. Is 2 - l - (1 - 133) composite?
True
Let f(z) = 5 - 6 - 2*z**2 - 2 + 2 + 19*z**3 + 3*z. Is f(2) prime?
True
Let i be (-4)/3 + 2/6. Let d(m) = -2*m**2 - m. Let o be d(-1). Is (i - (38 - 2))/o composite?
False
Let t = -44 - -248. Suppose -68 = 3*z + 5*d - t, -5*z + 2*d = -175. Is z composite?
False
Let x(r) = r**3 + 8*r**2 + 2*r - 5. Let i(l) be the first derivative of l**3/3 - 3*l**2 - l + 1. Let j be i(5). Is x(j) prime?
False
Let n be (0 + 3)/((-2)/12). Let a(o) = 25*o + 3. Let f be a(2). Let r = f + n. Is r prime?
False
Let u be 325 + (-3)/3 + 2. Suppose -5*s + u = -4*h - 99, -5*s - h = -450. Is s composite?
False
Is 4*(-191)/(-3)*24/32 composite?
False
Let f(m) = m**2 - 5*m + 5. Let v(w) = -w + 1. Let q be 1/((-3)/54*1). Let o(x) = q*v(x) + 4*f(x). Is o(2) composite?
True
Let b(s) = -9*s + 2. Let u be b(-2). Suppose 26 + u = l. Is l a prime number?
False
Suppose -2*q + 0*q + 1018 = 0. Is q prime?
True
Let w = -1 - -4. Suppose -t + w*t = 262. Is t a composite number?
False
Let h(a) be the first derivative of 22*a**3/3 - 2*a**2 + 2*a - 1. Let j be h(2). Let n = j + -45. Is n prime?
True
Let s = 175 - -183. Is s a prime number?
False
Suppose -4*v = -2*y - 52, 0 = -v - 0*v + 5*y - 5. Let q = -10 + v. Suppose -q*g + b = -460, 106 = g - 3*b - 0*b. Is g prime?
False
Let m(o) = 42*o**3 + 4*o**2 - 4*o + 3. Is m(2) composite?
False
Suppose 0*w - 1281 = -3*w. Is w a prime number?
False
Suppose 3*r = 650 + 229. Suppose 2*p - r = 645. Is p a composite number?
True
Let a = -17 - -36. Suppose -4*x + 192 + a = -l, -163 = -3*x - 4*l. Is x composite?
False
Let i = -86 - -252. Suppose -o + 2*o = i. Is o prime?
False
Let t(h) = 5*h + 8. Let s be t(-5). Let j = s - -27. Is j composite?
True
Suppose 0 = d, -5*k + 2*d = 6*d + 35. Let j(v) = -v - 6*v - 9 + v**2 + 6*v. Is j(k) prime?
True
Let m(t) = 14*t**2 + 5*t + 48. Is m(15) composite?
True
Let l = 6 + -4. Suppose 5*u - 5 = 2*g, u + 1 = -l*g + 2*u. Suppose -5*t - 4*x = -955, 6*x - x = g. Is t composite?
False
Suppose 4*u + 1768 = 4*h, 2*h - u = 770 + 117. Is h prime?
False
Let c = -148 + 251. Is c prime?
True
Let h = 24 - 9. Let q(t) = t + 16. Is q(h) a prime number?
True
Suppose -2*t + h + 3801 = 0, -4403 = -3*t + 5*h + 1295. Is t a prime number?
True
Let l be -2 + -2 + 2 - 214. Is l/(-4) + (0 - 3) prime?
False
Let k = 37 + -64. Let o = k - -49. Is o composite?
True
Let t(b) = -15*b + 4 + 3*b**2 + 23*b + 6. Is t(-4) a prime number?
False
Is 1*0/(-3) + 787 prime?
True
Let v(b) = -b**3 + 3*b**2 + 4*b + 2. Suppose n - 2*n + 4 = 0. Let s be v(n). Suppose 3*r - 40 = d - 6*d, -s*r + 5*d + 10 = 0. Is r prime?
False
Let u = 516 - 265. Is u a composite number?
False
Let n(f) = -2*f - 15. Let u be n(-11). Suppose -15 = -3*d, 0 = h + 2*d + d - u. Is 2/8 - 1190/h a composite number?
False
Let j be (-2)/3 + 10/6. Suppose g - j = 1. Is (4 - g) + -1 + 82 composite?
False
Suppose 0 = 2*v - 591 + 65. Is v prime?
True
Is (2/(-4))/(4/(-616)) a prime number?
False
Suppose 0 = -5*j - 3*m + 17114, 4*m + 4938 = j + 1529. Is j a prime number?
False
Let s = -10 + 16. Suppose 2*h = s*h - 636. Suppose -61 = 2*u - h. Is u a composite number?
True
Let n be 2/6 + (-95)/(-3). Let k be 4/14 - (-99)/21. Let s = k + n. Is s prime?
True
Let b = -38 + 165. Is b composite?
False
Let x = -20 - -133. Is x composite?
False
Let q(s) = -s**3 - 4*s**2 + 4 - 10*s - 1 - s + 5*s. Is q(-8) composite?
False
Let b(f) be the first derivative of -f**4/4 + 3*f**3 - f**2 + 3*f - 2. Is b(8) a composite 